{"id":2122,"date":"2018-10-16T13:09:19","date_gmt":"2018-10-16T11:09:19","guid":{"rendered":"https:\/\/intimind.es\/?page_id=2122"},"modified":"2020-12-22T18:48:05","modified_gmt":"2020-12-22T17:48:05","slug":"equipo","status":"publish","type":"page","link":"https:\/\/intimind.es\/home\/equipo\/","title":{"rendered":"Equipo"},"content":{"rendered":"<p>[vc_row css=\u00bb.vc_custom_1539982360853{background-image: url(https:\/\/intimind.es\/wp-content\/uploads\/2018\/10\/fonfo-bubble-linea-2-1024&#215;539.jpg?id=2140) !important;}\u00bb][vc_column][vc_custom_heading text=\u00bbEquipo\u00bb font_container=\u00bbtag:h2|font_size:45|text_align:center|color:%23465760|line_height:1.2&#8243; use_theme_fonts=\u00bbyes\u00bb css=\u00bb.vc_custom_1541944880092{padding-bottom: 35px !important;}\u00bb][\/vc_column][\/vc_row][vc_row gap=\u00bb15&#8243; equal_height=\u00bbyes\u00bb css=\u00bb.vc_custom_1541260670412{padding-right: 50px !important;padding-bottom: 50px !important;padding-left: 50px !important;}\u00bb][vc_column width=\u00bb1\/4&#8243;][\/vc_column][vc_column width=\u00bb1\/4&#8243;][vc_single_image image=\u00bb2128&#8243; img_size=\u00bb200&#215;200&#8243; alignment=\u00bbcenter\u00bb style=\u00bbvc_box_circle\u00bb css_animation=\u00bbtop-to-bottom\u00bb][vc_custom_heading text=\u00bbImma Juan\u00bb font_container=\u00bbtag:h4|font_size:22|text_align:center|color:%23465760|line_height:1.2&#8243; use_theme_fonts=\u00bbyes\u00bb el_class=\u00bbroboto\u00bb][vc_custom_heading text=\u00bbCEO de intimind\u00bb font_container=\u00bbtag:h4|font_size:22|text_align:center|color:%23465760|line_height:1.2&#8243; use_theme_fonts=\u00bbyes\u00bb el_class=\u00bbroboto\u00bb][vc_custom_heading text=\u00bb\u00abIntimind se ha ido gestando entre el periodismo y la informaci\u00f3n sobre neurociencia; el ecosistema digital en el que estamos inmersos; y el inter\u00e9s personal y profesional sobre el bienestar\u00ab\u00bb font_container=\u00bbtag:p|font_size:18|text_align:justify|color:%23465760&#8243; use_theme_fonts=\u00bbyes\u00bb el_class=\u00bbroboto\u00bb][vc_btn title=\u00bb+\u00bb style=\u00bbflat\u00bb shape=\u00bbround\u00bb color=\u00bborange\u00bb align=\u00bbcenter\u00bb link=\u00bburl:http%3A%2F%2Fintimind.es%2Finma-ceo%2F||target:%20_blank|\u00bb][\/vc_column][vc_column width=\u00bb1\/4&#8243;][vc_single_image image=\u00bb2752&#8243; img_size=\u00bb200&#215;200&#8243; alignment=\u00bbcenter\u00bb style=\u00bbvc_box_circle\u00bb css_animation=\u00bbtop-to-bottom\u00bb][vc_custom_heading text=\u00bbJavi Abuja\u00bb font_container=\u00bbtag:h4|font_size:22|text_align:center|color:%23465760|line_height:1.2&#8243; use_theme_fonts=\u00bbyes\u00bb el_class=\u00bbroboto\u00bb][vc_custom_heading text=\u00bbProject Manager intimind\u00bb font_container=\u00bbtag:h4|font_size:22|text_align:center|color:%23465760|line_height:1.2&#8243; use_theme_fonts=\u00bbyes\u00bb el_class=\u00bbroboto\u00bb][vc_custom_heading text=\u00bb\u00abIntimind es imprescindible hoy en d\u00eda, y es por esto que destino ilusi\u00f3n, recursos y mucha energ\u00eda a este proyecto. Mi recompensa es el trabajo bien hecho y los comentarios agradecidos de los usuarios.\u00ab\u00bb font_container=\u00bbtag:p|font_size:18|text_align:justify|color:%23465760&#8243; use_theme_fonts=\u00bbyes\u00bb el_class=\u00bbroboto\u00bb][vc_btn title=\u00bb+\u00bb style=\u00bbflat\u00bb shape=\u00bbround\u00bb color=\u00bborange\u00bb align=\u00bbcenter\u00bb link=\u00bburl:http%3A%2F%2Fintimind.es%2Finma-ceo%2F||target:%20_blank|\u00bb][\/vc_column][vc_column width=\u00bb1\/4&#8243;][\/vc_column][\/vc_row][vc_row css=\u00bb.vc_custom_1543311313458{margin-right: 50px !important;margin-left: 50px !important;}\u00bb][vc_column width=\u00bb1\/3&#8243;][vc_single_image image=\u00bb2127&#8243; img_size=\u00bb200&#215;200&#8243; alignment=\u00bbcenter\u00bb style=\u00bbvc_box_circle\u00bb css_animation=\u00bbtop-to-bottom\u00bb][vc_custom_heading text=\u00bbRosa Mart\u00ednez\u00bb font_container=\u00bbtag:h4|font_size:22|text_align:center|color:%23465760|line_height:1.2&#8243; use_theme_fonts=\u00bbyes\u00bb el_class=\u00bbroboto\u00bb][vc_single_image image=\u00bb4106&#8243; alignment=\u00bbcenter\u00bb][vc_custom_heading text=\u00bbPsic\u00f3loga en Psico-Forma\u00bb font_container=\u00bbtag:h4|font_size:22|text_align:center|color:%23465760|line_height:1.2&#8243; use_theme_fonts=\u00bbyes\u00bb el_class=\u00bbroboto\u00bb link=\u00bburl:https%3A%2F%2Fpsicoforma.es%2F||target:%20_blank|rel:nofollow\u00bb][vc_custom_heading text=\u00bb\u00abEl m\u00e9todo Intimind es una gu\u00eda que nos va indicando los pasos a dar y nos acompa\u00f1a en el desarrollo de la capacidad mindfulness. La app es un recurso que favorece y refuerza el h\u00e1bito de la pr\u00e1ctica regular\u00ab\u00bb font_container=\u00bbtag:p|font_size:18|text_align:justify|color:%23465760&#8243; use_theme_fonts=\u00bbyes\u00bb el_class=\u00bbroboto\u00bb][vc_btn title=\u00bb+\u00bb style=\u00bbflat\u00bb shape=\u00bbround\u00bb color=\u00bborange\u00bb align=\u00bbcenter\u00bb link=\u00bburl:http%3A%2F%2Fintimind.es%2Frosa-psicologa-elephantplena%2F||target:%20_blank|\u00bb][\/vc_column][vc_column width=\u00bb1\/3&#8243;][\/vc_column][vc_column width=\u00bb1\/3&#8243;][vc_single_image image=\u00bb2125&#8243; img_size=\u00bb200&#215;200&#8243; alignment=\u00bbcenter\u00bb style=\u00bbvc_box_circle\u00bb css_animation=\u00bbtop-to-bottom\u00bb][vc_custom_heading text=\u00bbJorge Molt\u00f3\u00bb font_container=\u00bbtag:h4|font_size:22|text_align:center|color:%23465760|line_height:1.2&#8243; use_theme_fonts=\u00bbyes\u00bb el_class=\u00bbroboto\u00bb][vc_single_image image=\u00bb900&#8243; img_size=\u00bbfull\u00bb alignment=\u00bbcenter\u00bb][vc_custom_heading text=\u00bbPsic\u00f3logo del Gabinete Elephantplena\u00bb font_container=\u00bbtag:h4|font_size:22|text_align:center|color:%23465760|line_height:1.2&#8243; use_theme_fonts=\u00bbyes\u00bb el_class=\u00bbroboto\u00bb][vc_custom_heading text=\u00bb\u00abEn Intimind ofrecemos un m\u00e9todo con programas variados y amplio en cuanto a tiempo de pr\u00e1cticas. Sesiones adaptadas a la sociedad actual cuya eficacia est\u00e1 probada por generaciones de practicantes en todo el mundo\u00ab\u00bb font_container=\u00bbtag:p|font_size:18|text_align:justify|color:%23465760&#8243; use_theme_fonts=\u00bbyes\u00bb el_class=\u00bbroboto\u00bb][\/vc_column][\/vc_row][vc_row gap=\u00bb15&#8243; equal_height=\u00bbyes\u00bb css=\u00bb.vc_custom_1541260670412{padding-right: 50px !important;padding-bottom: 50px !important;padding-left: 50px !important;}\u00bb][vc_column width=\u00bb1\/3&#8243;][\/vc_column][vc_column width=\u00bb1\/3&#8243;][vc_single_image image=\u00bb2126&#8243; img_size=\u00bb200&#215;200&#8243; alignment=\u00bbcenter\u00bb style=\u00bbvc_box_circle\u00bb css_animation=\u00bbtop-to-bottom\u00bb][vc_custom_heading text=\u00bbMara Claramunt\u00bb font_container=\u00bbtag:h4|font_size:22|text_align:center|color:%23465760|line_height:1.2&#8243; use_theme_fonts=\u00bbyes\u00bb el_class=\u00bbroboto\u00bb][vc_custom_heading text=\u00bbPisc\u00f3loga especialista en Mindfulness\u00bb font_container=\u00bbtag:h4|font_size:22|text_align:center|color:%23465760|line_height:1.2&#8243; use_theme_fonts=\u00bbyes\u00bb el_class=\u00bbroboto\u00bb][vc_custom_heading text=\u00bb\u201cIntimind es un m\u00e9todo imprescindible para todos aquellos que se han aproximado a la meditaci\u00f3n y hasta ahora no han conseguido mantenerse. Con esta APP ya no hay excusas.\u201d\u00bb font_container=\u00bbtag:p|font_size:18|text_align:justify|color:%23465760&#8243; use_theme_fonts=\u00bbyes\u00bb el_class=\u00bbroboto\u00bb][vc_btn title=\u00bb+\u00bb style=\u00bbflat\u00bb shape=\u00bbround\u00bb color=\u00bborange\u00bb align=\u00bbcenter\u00bb link=\u00bburl:http%3A%2F%2Fintimind.es%2Fmara-psicologa%2F||target:%20_blank|\u00bb][\/vc_column][vc_column width=\u00bb1\/3&#8243;][\/vc_column][\/vc_row][vc_row gap=\u00bb15&#8243; equal_height=\u00bbyes\u00bb css=\u00bb.vc_custom_1541260670412{padding-right: 50px !important;padding-bottom: 50px !important;padding-left: 50px !important;}\u00bb][vc_column width=\u00bb1\/2&#8243;][vc_single_image image=\u00bb2650&#8243; img_size=\u00bb200&#215;200&#8243; alignment=\u00bbcenter\u00bb style=\u00bbvc_box_circle\u00bb css_animation=\u00bbtop-to-bottom\u00bb][vc_custom_heading text=\u00bbIrene Iglesias\u00bb font_container=\u00bbtag:h4|font_size:22|text_align:center|color:%23465760|line_height:1.2&#8243; use_theme_fonts=\u00bbyes\u00bb el_class=\u00bbroboto\u00bb][vc_custom_heading text=\u00bbMarketing y Customer Service\u00bb font_container=\u00bbtag:h4|font_size:22|text_align:center|color:%23465760|line_height:1.2&#8243; use_theme_fonts=\u00bbyes\u00bb el_class=\u00bbroboto\u00bb][vc_row_inner][vc_column_inner width=\u00bb1\/6&#8243;][\/vc_column_inner][vc_column_inner width=\u00bb2\/3&#8243;][vc_custom_heading text=\u00bb\u00abMe definen una actitud 97% feliz, curiosidad infinita, siempre un nuevo reto en mente y una sonrisa.\u00ab\u00bb font_container=\u00bbtag:p|font_size:18|text_align:justify|color:%23465760&#8243; use_theme_fonts=\u00bbyes\u00bb el_class=\u00bbroboto\u00bb][\/vc_column_inner][vc_column_inner width=\u00bb1\/6&#8243;][\/vc_column_inner][\/vc_row_inner][\/vc_column][vc_column width=\u00bb1\/2&#8243;][vc_single_image image=\u00bb2753&#8243; img_size=\u00bb200&#215;200&#8243; alignment=\u00bbcenter\u00bb style=\u00bbvc_box_circle\u00bb css_animation=\u00bbtop-to-bottom\u00bb][vc_custom_heading text=\u00bbArnau Ruiz\u00bb font_container=\u00bbtag:h4|font_size:22|text_align:center|color:%23465760|line_height:1.2&#8243; use_theme_fonts=\u00bbyes\u00bb el_class=\u00bbroboto\u00bb][vc_custom_heading text=\u00bbCreativo\u00bb font_container=\u00bbtag:h4|font_size:22|text_align:center|color:%23465760|line_height:1.2&#8243; use_theme_fonts=\u00bbyes\u00bb el_class=\u00bbroboto\u00bb][vc_row_inner][vc_column_inner width=\u00bb1\/6&#8243;][\/vc_column_inner][vc_column_inner width=\u00bb2\/3&#8243;][vc_custom_heading text=\u00bb\u00abApasionado por el mundo del v\u00eddeo digital, las nuevas tendencias culturales, las apps, la m\u00fasica, Internet\u2026 Vivo en una alegre permanente actualizaci\u00f3n del sistema \u00ab\u00bb font_container=\u00bbtag:p|font_size:18|text_align:justify|color:%23465760&#8243; use_theme_fonts=\u00bbyes\u00bb el_class=\u00bbroboto\u00bb][\/vc_column_inner][vc_column_inner width=\u00bb1\/6&#8243;][\/vc_column_inner][\/vc_row_inner][\/vc_column][\/vc_row][vc_row][vc_column]\n\t\t\t<!-- START portal sanitario REVOLUTION SLIDER 6.2.23 --><p class=\"rs-p-wp-fix\"><\/p>\n\t\t\t<rs-module-wrap id=\"rev_slider_33_1_wrapper\" data-source=\"gallery\" style=\"background:#ffffff;padding:0;margin:0px auto;margin-top:0;margin-bottom:0;\">\n\t\t\t\t<rs-module id=\"rev_slider_33_1\" style=\"\" data-version=\"6.2.23\">\n\t\t\t\t\t<rs-slides>\n\t\t\t\t\t\t<rs-slide data-key=\"rs-48\" data-title=\"Slide\" data-anim=\"ei:d;eo:d;s:600;r:0;t:fade;sl:d;\">\n\t\t\t\t\t\t\t<img src=\"\/\/intimind.es\/wp-content\/plugins\/revslider\/public\/assets\/assets\/transparent.png\" alt=\"Slide\" title=\"Equipo\" data-bg=\"c:#ffffff;\" class=\"rev-slidebg\" data-no-retina>\n<!--\n\t\t\t\t\t\t\t--><rs-layer\n\t\t\t\t\t\t\t\tid=\"slider-33-slide-48-layer-4\" \n\t\t\t\t\t\t\t\tdata-type=\"text\"\n\t\t\t\t\t\t\t\tdata-color=\"rgba(255, 255, 255, 1)\"\n\t\t\t\t\t\t\t\tdata-rsp_ch=\"on\"\n\t\t\t\t\t\t\t\tdata-text=\"s:25;fw:700;a:inherit;\"\n\t\t\t\t\t\t\t\tdata-frame_0=\"tp:600;\"\n\t\t\t\t\t\t\t\tdata-frame_1=\"tp:600;sR:10;\"\n\t\t\t\t\t\t\t\tdata-frame_999=\"o:0;tp:600;st:w;sR:8690;\"\n\t\t\t\t\t\t\t\tstyle=\"z-index:5;font-family:Roboto;font-style:italic;\"\n\t\t\t\t\t\t\t>  \n\t\t\t\t\t\t\t<\/rs-layer><!--\n\n\t\t\t\t\t\t\t--><rs-layer\n\t\t\t\t\t\t\t\tid=\"slider-33-slide-48-layer-1\" \n\t\t\t\t\t\t\t\tdata-type=\"image\"\n\t\t\t\t\t\t\t\tdata-xy=\"x:c;y:m;yo:80px,90px,50px,0;\"\n\t\t\t\t\t\t\t\tdata-text=\"l:22;a:inherit;\"\n\t\t\t\t\t\t\t\tdata-dim=\"w:468px,468px,468px,400px;h:60px,60px,60px,51px;\"\n\t\t\t\t\t\t\t\tdata-actions='o:click;a:simplelink;target:_blank;url:https:\/\/www.portalesmedicos.com\/;'\n\t\t\t\t\t\t\t\tdata-rsp_o=\"off\"\n\t\t\t\t\t\t\t\tdata-rsp_bd=\"off\"\n\t\t\t\t\t\t\t\tdata-padding=\"l:0,0,0,;\"\n\t\t\t\t\t\t\t\tdata-frame_0=\"y:50px;tp:600;\"\n\t\t\t\t\t\t\t\tdata-frame_1=\"tp:600;e:power4.out;sp:1000;sR:10;\"\n\t\t\t\t\t\t\t\tdata-frame_999=\"o:0;tp:600;st:w;sR:7990;\"\n\t\t\t\t\t\t\t\tstyle=\"z-index:6;-webkit-box-shadow:0px 15px 30px 0px rgba(0,0,0,0.35);-moz-box-shadow:0px 15px 30px 0px rgba(0,0,0,0.35);box-shadow:0px 15px 30px 0px rgba(0,0,0,0.35);\"\n\t\t\t\t\t\t\t><img src=\"\/\/intimind.es\/wp-content\/uploads\/2015\/12\/logo_wis_468x60.jpg\" alt=\"certificaci\u00f3n de portales sanitarios\" width=\"468\" height=\"60\" data-no-retina> \n\t\t\t\t\t\t\t<\/rs-layer><!--\n\n\t\t\t\t\t\t\t--><rs-layer\n\t\t\t\t\t\t\t\tid=\"slider-33-slide-48-layer-8\" \n\t\t\t\t\t\t\t\tdata-type=\"text\"\n\t\t\t\t\t\t\t\tdata-color=\"#607d8b\"\n\t\t\t\t\t\t\t\tdata-rsp_ch=\"on\"\n\t\t\t\t\t\t\t\tdata-xy=\"x:c;xo:0,3px,0,0;y:m,m,m,b;yo:167px,210px,170px,338px;\"\n\t\t\t\t\t\t\t\tdata-text=\"w:normal;s:20,20,20,20;l:22;fw:300;a:center;\"\n\t\t\t\t\t\t\t\tdata-dim=\"w:1217px,998px,695px,480px;h:26px,24px,45px,45px;\"\n\t\t\t\t\t\t\t\tdata-frame_0=\"tp:600;\"\n\t\t\t\t\t\t\t\tdata-frame_1=\"tp:600;st:0;\"\n\t\t\t\t\t\t\t\tdata-frame_999=\"o:0;tp:600;st:w;sR:8700;\"\n\t\t\t\t\t\t\t\tstyle=\"z-index:7;font-family:Roboto;\"\n\t\t\t\t\t\t\t>La web intimind.es est\u00e1 acreditada como WEB DE INTER\u00c9S SANITARIO por portalesm\u00e9dicos.com \n\t\t\t\t\t\t\t<\/rs-layer><!--\n\n\t\t\t\t\t\t\t--><rs-layer\n\t\t\t\t\t\t\t\tid=\"slider-33-slide-48-layer-9\" \n\t\t\t\t\t\t\t\tdata-type=\"text\"\n\t\t\t\t\t\t\t\tdata-color=\"#465760\"\n\t\t\t\t\t\t\t\tdata-rsp_ch=\"on\"\n\t\t\t\t\t\t\t\tdata-xy=\"x:c;xo:-3px,3px,1px,7px;y:b,m,m,b;yo:37px,260px,220px,272px;\"\n\t\t\t\t\t\t\t\tdata-text=\"w:normal;s:20,20,20,20;l:22;fw:400,400,400,300;a:center;td:underline;\"\n\t\t\t\t\t\t\t\tdata-dim=\"w:1217px,998px,696px,207px;h:26px,24px,auto,23px;\"\n\t\t\t\t\t\t\t\tdata-actions='o:click;a:simplelink;target:_blank;url:https:\/\/www.portalesmedicos.com\/web_interes_sanitario\/160215.htm;'\n\t\t\t\t\t\t\t\tdata-frame_0=\"tp:600;\"\n\t\t\t\t\t\t\t\tdata-frame_1=\"tp:600;st:0;\"\n\t\t\t\t\t\t\t\tdata-frame_999=\"o:0;tp:600;st:w;sR:8700;\"\n\t\t\t\t\t\t\t\tdata-frame_hover=\"c:#ef8036;bor:0px,0px,0px,0px;bow:0px,0px,0px,0px;oX:50;oY:50;td:none;sp:0;\"\n\t\t\t\t\t\t\t\tstyle=\"z-index:8;font-family:Roboto;cursor:pointer;\"\n\t\t\t\t\t\t\t>Compru\u00e9balo aqu\u00ed \n\t\t\t\t\t\t\t<\/rs-layer><!--\n\n\t\t\t\t\t\t\t--><rs-layer\n\t\t\t\t\t\t\t\tid=\"slider-33-slide-48-layer-11\" \n\t\t\t\t\t\t\t\tdata-type=\"image\"\n\t\t\t\t\t\t\t\tdata-xy=\"x:c;yo:0,0,20px,10px;\"\n\t\t\t\t\t\t\t\tdata-text=\"l:22;a:inherit;\"\n\t\t\t\t\t\t\t\tdata-dim=\"w:400px,400px,400px,350px;h:112px,112px,112px,98;\"\n\t\t\t\t\t\t\t\tdata-actions='o:click;a:simplelink;target:_blank;url:https:\/\/www.portalesmedicos.com\/;'\n\t\t\t\t\t\t\t\tdata-rsp_o=\"off\"\n\t\t\t\t\t\t\t\tdata-rsp_bd=\"off\"\n\t\t\t\t\t\t\t\tdata-padding=\"l:0,0,0,;\"\n\t\t\t\t\t\t\t\tdata-frame_0=\"y:50px;tp:600;\"\n\t\t\t\t\t\t\t\tdata-frame_1=\"tp:600;e:power4.out;sp:1000;sR:10;\"\n\t\t\t\t\t\t\t\tdata-frame_999=\"o:0;tp:600;st:w;sR:7990;\"\n\t\t\t\t\t\t\t\tstyle=\"z-index:9;-webkit-box-shadow:0px 15px 30px 0px rgba(0,0,0,0.35);-moz-box-shadow:0px 15px 30px 0px rgba(0,0,0,0.35);box-shadow:0px 15px 30px 0px rgba(0,0,0,0.35);\"\n\t\t\t\t\t\t\t><img src=\"\/\/intimind.es\/wp-content\/uploads\/2018\/11\/marca_distintivo_appsaludable_inv-03.jpg\" width=\"600\" height=\"168\" data-no-retina> \n\t\t\t\t\t\t\t<\/rs-layer><!--\n\n\t\t\t\t\t\t\t--><rs-layer\n\t\t\t\t\t\t\t\tid=\"slider-33-slide-48-layer-12\" \n\t\t\t\t\t\t\t\tdata-type=\"text\"\n\t\t\t\t\t\t\t\tdata-color=\"#607d8b\"\n\t\t\t\t\t\t\t\tdata-rsp_ch=\"on\"\n\t\t\t\t\t\t\t\tdata-xy=\"x:c;xo:0,3px,0,0;y:m,m,m,b;yo:-65px,-90px,-133px,697px;\"\n\t\t\t\t\t\t\t\tdata-text=\"w:normal;s:20,20,20,20;l:22;fw:300;a:center;\"\n\t\t\t\t\t\t\t\tdata-dim=\"w:1211px,992px,709px,468px;h:45px,69px,67px,auto;\"\n\t\t\t\t\t\t\t\tdata-frame_0=\"tp:600;\"\n\t\t\t\t\t\t\t\tdata-frame_1=\"tp:600;st:0;\"\n\t\t\t\t\t\t\t\tdata-frame_999=\"o:0;tp:600;st:w;sR:8700;\"\n\t\t\t\t\t\t\t\tstyle=\"z-index:10;font-family:Roboto;\"\n\t\t\t\t\t\t\t>La APP intimind.es est\u00e1 reconocida con el distintivo de APP SALUDABLE que acredita la calidad y seguridad de las apps de salud. Es un sello de garant\u00eda para reconocer aquellas aplicaciones m\u00f3viles que son fiables para los usuarios. \n\t\t\t\t\t\t\t<\/rs-layer><!--\n\n\t\t\t\t\t\t\t--><rs-layer\n\t\t\t\t\t\t\t\tid=\"slider-33-slide-48-layer-13\" \n\t\t\t\t\t\t\t\tdata-type=\"text\"\n\t\t\t\t\t\t\t\tdata-color=\"#465760\"\n\t\t\t\t\t\t\t\tdata-rsp_ch=\"on\"\n\t\t\t\t\t\t\t\tdata-xy=\"x:c;xo:0,3px,0,0;y:b,m,m,b;yo:257px,-31px,-73px,635px;\"\n\t\t\t\t\t\t\t\tdata-text=\"w:normal;s:20,20,20,20;l:22;fw:400,400,400,300;a:center;td:underline;\"\n\t\t\t\t\t\t\t\tdata-dim=\"w:1217px,998px,696px,207px;h:26px,24px,auto,23px;\"\n\t\t\t\t\t\t\t\tdata-actions='o:click;a:simplelink;target:_blank;url:http:\/\/www.calidadappsalud.com\/distintivo\/info?app=Intimind;'\n\t\t\t\t\t\t\t\tdata-frame_0=\"tp:600;\"\n\t\t\t\t\t\t\t\tdata-frame_1=\"tp:600;st:0;\"\n\t\t\t\t\t\t\t\tdata-frame_999=\"o:0;tp:600;st:w;sR:8700;\"\n\t\t\t\t\t\t\t\tdata-frame_hover=\"c:#ef8036;bor:0px,0px,0px,0px;bow:0px,0px,0px,0px;oX:50;oY:50;td:none;sp:0;\"\n\t\t\t\t\t\t\t\tstyle=\"z-index:11;font-family:Roboto;cursor:pointer;\"\n\t\t\t\t\t\t\t>Compru\u00e9balo aqu\u00ed \n\t\t\t\t\t\t\t<\/rs-layer><!--\n-->\t\t\t\t\t\t<\/rs-slide>\n\t\t\t\t\t<\/rs-slides>\n\t\t\t\t<\/rs-module>\n\t\t\t\t<script type=\"text\/javascript\">\n\t\t\t\t\tsetREVStartSize({c: 'rev_slider_33_1',rl:[1240,1024,778,480],el:[],gw:[1240,1024,778,480],gh:[500,600,800,1000],type:'hero',justify:'',layout:'fullwidth',mh:\"0\"});\n\t\t\t\t\tvar\trevapi33,\n\t\t\t\t\t\ttpj;\n\t\t\t\t\tfunction revinit_revslider331() {\n\t\t\t\t\tjQuery(function() {\n\t\t\t\t\t\ttpj = jQuery;\n\t\t\t\t\t\trevapi33 = tpj(\"#rev_slider_33_1\");\n\t\t\t\t\t\tif(revapi33==undefined || revapi33.revolution == undefined){\n\t\t\t\t\t\t\trevslider_showDoubleJqueryError(\"rev_slider_33_1\");\n\t\t\t\t\t\t}else{\n\t\t\t\t\t\t\trevapi33.revolution({\n\t\t\t\t\t\t\t\tsliderType:\"hero\",\n\t\t\t\t\t\t\t\tsliderLayout:\"fullwidth\",\n\t\t\t\t\t\t\t\tvisibilityLevels:\"1240,1024,778,480\",\n\t\t\t\t\t\t\t\tgridwidth:\"1240,1024,778,480\",\n\t\t\t\t\t\t\t\tgridheight:\"500,600,800,1000\",\n\t\t\t\t\t\t\t\tperspectiveType:\"local\",\n\t\t\t\t\t\t\t\tresponsiveLevels:\"1240,1024,778,480\",\n\t\t\t\t\t\t\t\tprogressBar:{disableProgressBar:true},\n\t\t\t\t\t\t\t\tnavigation: {\n\t\t\t\t\t\t\t\t\tonHoverStop:false\n\t\t\t\t\t\t\t\t},\n\t\t\t\t\t\t\t\tviewPort: {\n\t\t\t\t\t\t\t\t\tenable:true,\n\t\t\t\t\t\t\t\t\tvisible_area:\"40%\",\n\t\t\t\t\t\t\t\t\tpresize:true\n\t\t\t\t\t\t\t\t},\n\t\t\t\t\t\t\t\tfallbacks: {\n\t\t\t\t\t\t\t\t\tallowHTML5AutoPlayOnAndroid:true\n\t\t\t\t\t\t\t\t},\n\t\t\t\t\t\t\t});\n\t\t\t\t\t\t}\n\t\t\t\t\t\t\n\t\t\t\t\t});\n\t\t\t\t\t} \/\/ End of RevInitScript\n\t\t\t\tvar once_revslider331 = false;\n\t\t\t\tif (document.readyState === \"loading\") {document.addEventListener('readystatechange',function() { if((document.readyState === \"interactive\" || document.readyState === \"complete\") && !once_revslider331 ) { once_revslider331 = true; revinit_revslider331();}});} else {once_revslider331 = true; revinit_revslider331();}\n\t\t\t\t<\/script>\n\t\t\t<\/rs-module-wrap>\n\t\t\t<!-- END REVOLUTION SLIDER -->\n[rev_slider_vc alias=\u00bbfooter-4&#8243;][\/vc_column][\/vc_row]<\/p>\n","protected":false},"excerpt":{"rendered":"<p>[vc_row css=\u00bb.vc_custom_1539982360853{background-image: url(https:\/\/intimind.es\/wp-content\/uploads\/2018\/10\/fonfo-bubble-linea-2-1024&#215;539.jpg?id=2140) !important;}\u00bb][vc_column][vc_custom_heading text=\u00bbEquipo\u00bb font_container=\u00bbtag:h2|font_size:45|text_align:center|color:%23465760|line_height:1.2&#8243; use_theme_fonts=\u00bbyes\u00bb css=\u00bb.vc_custom_1541944880092{padding-bottom: 35px !important;}\u00bb][\/vc_column][\/vc_row][vc_row gap=\u00bb15&#8243; equal_height=\u00bbyes\u00bb css=\u00bb.vc_custom_1541260670412{padding-right: 50px !important;padding-bottom: 50px !important;padding-left: 50px !important;}\u00bb][vc_column width=\u00bb1\/4&#8243;][\/vc_column][vc_column width=\u00bb1\/4&#8243;][vc_single_image image=\u00bb2128&#8243; img_size=\u00bb200&#215;200&#8243; alignment=\u00bbcenter\u00bb style=\u00bbvc_box_circle\u00bb css_animation=\u00bbtop-to-bottom\u00bb][vc_custom_heading text=\u00bbImma Juan\u00bb font_container=\u00bbtag:h4|font_size:22|text_align:center|color:%23465760|line_height:1.2&#8243; use_theme_fonts=\u00bbyes\u00bb el_class=\u00bbroboto\u00bb][vc_custom_heading text=\u00bbCEO de intimind\u00bb font_container=\u00bbtag:h4|font_size:22|text_align:center|color:%23465760|line_height:1.2&#8243; use_theme_fonts=\u00bbyes\u00bb el_class=\u00bbroboto\u00bb][vc_custom_heading text=\u00bb\u00abIntimind se ha ido gestando entre el periodismo y la informaci\u00f3n sobre neurociencia; el ecosistema digital en el [&hellip;]<\/p>\n","protected":false},"author":2,"featured_media":0,"parent":0,"menu_order":0,"comment_status":"closed","ping_status":"closed","template":"","meta":[],"_links":{"self":[{"href":"https:\/\/intimind.es\/home\/wp-json\/wp\/v2\/pages\/2122"}],"collection":[{"href":"https:\/\/intimind.es\/home\/wp-json\/wp\/v2\/pages"}],"about":[{"href":"https:\/\/intimind.es\/home\/wp-json\/wp\/v2\/types\/page"}],"author":[{"embeddable":true,"href":"https:\/\/intimind.es\/home\/wp-json\/wp\/v2\/users\/2"}],"replies":[{"embeddable":true,"href":"https:\/\/intimind.es\/home\/wp-json\/wp\/v2\/comments?post=2122"}],"version-history":[{"count":31,"href":"https:\/\/intimind.es\/home\/wp-json\/wp\/v2\/pages\/2122\/revisions"}],"predecessor-version":[{"id":4172,"href":"https:\/\/intimind.es\/home\/wp-json\/wp\/v2\/pages\/2122\/revisions\/4172"}],"wp:attachment":[{"href":"https:\/\/intimind.es\/home\/wp-json\/wp\/v2\/media?parent=2122"}],"curies":[{"name":"wp","href":"https:\/\/api.w.org\/{rel}","templated":true}]}}